{"id":449,"date":"2010-07-04T13:29:34","date_gmt":"2010-07-04T11:29:34","guid":{"rendered":"http:\/\/www.thelins.se\/lisa\/blog\/wp-content\/uploads\/2010\/07\/P1010295.jpg"},"modified":"2010-07-04T13:29:34","modified_gmt":"2010-07-04T11:29:34","slug":"p1010295","status":"inherit","type":"attachment","link":"https:\/\/www.thelins.se\/lisa\/blog\/2010\/07\/leka-med-alma\/p1010295\/","title":{"rendered":"Doppa h\u00e5ret"},"author":2,"featured_media":0,"comment_status":"closed","ping_status":"closed","template":"","meta":[],"class_list":["post-449","attachment","type-attachment","status-inherit","hentry"],"description":{"rendered":"<p class=\"attachment\"><a href='https:\/\/www.thelins.se\/lisa\/blog\/wp-content\/uploads\/2010\/07\/P1010295.jpg'><img loading=\"lazy\" decoding=\"async\" width=\"300\" height=\"225\" src=\"https:\/\/www.thelins.se\/lisa\/blog\/wp-content\/uploads\/2010\/07\/P1010295-300x225.jpg\" class=\"attachment-medium size-medium\" alt=\"\" srcset=\"https:\/\/www.thelins.se\/lisa\/blog\/wp-content\/uploads\/2010\/07\/P1010295-300x225.jpg 300w, https:\/\/www.thelins.se\/lisa\/blog\/wp-content\/uploads\/2010\/07\/P1010295-150x112.jpg 150w, https:\/\/www.thelins.se\/lisa\/blog\/wp-content\/uploads\/2010\/07\/P1010295.jpg 1024w\" sizes=\"auto, (max-width: 300px) 100vw, 300px\" \/><\/a><\/p>\n<p>Jag visar Alma hur man doppar h\u00e5ret. Det \u00e4r roligt &#8211; d\u00e5 blir man bl\u00f6t i hela ansiktet.<\/p>\n"},"caption":{"rendered":"<p>Doppa h\u00e5ret<\/p>\n"},"alt_text":"","media_type":"image","mime_type":"image\/jpeg","media_details":{"width":"1024","height":"768","hwstring_small":"height='96' width='128'","file":"2010\/07\/P1010295.jpg","sizes":{"thumbnail":{"file":"P1010295-150x150.jpg","width":"150","height":"150","source_url":"https:\/\/www.thelins.se\/lisa\/blog\/wp-content\/uploads\/2010\/07\/P1010295-150x150.jpg"},"medium":{"file":"P1010295-300x225.jpg","width":"300","height":"225","source_url":"https:\/\/www.thelins.se\/lisa\/blog\/wp-content\/uploads\/2010\/07\/P1010295-300x225.jpg"},"post-thumbnail":{"file":"P1010295-150x112.jpg","width":"150","height":"112","source_url":"https:\/\/www.thelins.se\/lisa\/blog\/wp-content\/uploads\/2010\/07\/P1010295-150x112.jpg"},"full":{"file":"P1010295.jpg","width":1024,"height":768,"mime_type":"image\/jpeg","source_url":"https:\/\/www.thelins.se\/lisa\/blog\/wp-content\/uploads\/2010\/07\/P1010295.jpg"}},"image_meta":{"aperture":"3.3","credit":"Picasa 3.0","camera":"DMC-TZ6","caption":"","created_timestamp":"1278081266","copyright":"","focal_length":"4.1","iso":"80","shutter_speed":"0.002","title":""}},"post":447,"source_url":"https:\/\/www.thelins.se\/lisa\/blog\/wp-content\/uploads\/2010\/07\/P1010295.jpg","_links":{"self":[{"href":"https:\/\/www.thelins.se\/lisa\/blog\/wp-json\/wp\/v2\/media\/449","targetHints":{"allow":["GET"]}}],"collection":[{"href":"https:\/\/www.thelins.se\/lisa\/blog\/wp-json\/wp\/v2\/media"}],"about":[{"href":"https:\/\/www.thelins.se\/lisa\/blog\/wp-json\/wp\/v2\/types\/attachment"}],"author":[{"embeddable":true,"href":"https:\/\/www.thelins.se\/lisa\/blog\/wp-json\/wp\/v2\/users\/2"}],"replies":[{"embeddable":true,"href":"https:\/\/www.thelins.se\/lisa\/blog\/wp-json\/wp\/v2\/comments?post=449"}]}}

Doppa håret

<p class="attachment"><a href='https://www.thelins.se/lisa/blog/wp-content/uploads/2010/07/P1010295.jpg'><img loading="lazy" decoding="async" width="300" height="225" src="https://www.thelins.se/lisa/blog/wp-content/uploads/2010/07/P1010295-300x225.jpg" class="attachment-medium size-medium" alt="" srcset="https://www.thelins.se/lisa/blog/wp-content/uploads/2010/07/P1010295-300x225.jpg 300w, https://www.thelins.se/lisa/blog/wp-content/uploads/2010/07/P1010295-150x112.jpg 150w, https://www.thelins.se/lisa/blog/wp-content/uploads/2010/07/P1010295.jpg 1024w" sizes="auto, (max-width: 300px) 100vw, 300px" /></a></p>
<p>Jag visar Alma hur man doppar håret. Det är roligt &#8211; då blir man blöt i hela ansiktet.</p>

<p>Doppa håret</p>
